{"id":2992,"date":"2017-08-04T18:48:38","date_gmt":"2017-08-04T16:48:38","guid":{"rendered":"https:\/\/www.pariseavocats.com\/?page_id=2992"},"modified":"2019-04-08T21:22:23","modified_gmt":"2019-04-08T19:22:23","slug":"accoglienza","status":"publish","type":"page","link":"https:\/\/www.pariseavocats.com\/index.php\/it\/accoglienza\/","title":{"rendered":"Accoglienza"},"content":{"rendered":"<p>[vc_row full_width=\u00a0\u00bbstretch_row\u00a0\u00bb overlay_dotted=\u00a0\u00bb\u00a0\u00bb css=\u00a0\u00bb.vc_custom_1497352946999{padding-top: 40px !important;padding-bottom: 0px !important;background-image: url(https:\/\/www.pariseavocats.com\/wp-content\/uploads\/2016\/08\/bandeau1-1.jpg?id=2298) !important;background-position: center !important;background-repeat: no-repeat !important;background-size: cover !important;}\u00a0\u00bb][vc_column width=\u00a0\u00bb1\/2&Prime; animate_duration=\u00a0\u00bb1000&Prime; animate_delay=\u00a0\u00bb300ms\u00a0\u00bb css=\u00a0\u00bb.vc_custom_1497351838699{padding-top: 40px !important;padding-right: 41px !important;padding-bottom: 40px !important;padding-left: 15px !important;}\u00a0\u00bb]<div class=\"section-heading-wrap   vc_custom_1501865996703\"><div class=\"section-heading  redl-heading-69fc747349e6d\" >SERVIZI PRESTITI<\/div><\/div>[vc_column_text css=\u00a0\u00bb.vc_custom_1505556198525{margin-bottom: 27px !important;}\u00a0\u00bb]Consapevoli che ogni societ\u00e0 presenta delle proprie specificit\u00e0 e possiede delle esigenze finanziarie specifiche, la nostra-squadra analizzer\u00e0 specificamente<br \/>\nogni richiesta sui suoi propri meriti e concepir\u00e0<br \/>\nun montaggio finanziario, adattato ai vostri bisogni.[\/vc_column_text]<a class=\"redl-btn  redl-btn-border redl-btn-two  vc_custom_1505577823558 redl-btn-medium redl-btn-69fc747349e9d btn-hover-one btn-icon-left \" href=\"https:\/\/www.pariseavocats.com\/index.php\/it\/finanziamento\/\">SAPERNE DI PI\u00d9<\/a>[\/vc_column][vc_column width=\u00a0\u00bb1\/2&Prime; animation_style=\u00a0\u00bbslideInRightShort\u00a0\u00bb animate_duration=\u00a0\u00bb1000&Prime; css=\u00a0\u00bb.vc_custom_1484054265066{padding-right: 41px !important;padding-left: 41px !important;}\u00a0\u00bb]<div class=\"animateblock hide-mobile slideinup  vc_custom_1484635466364\"><\/div>[\/vc_column][\/vc_row][vc_row full_width=\u00a0\u00bbstretch_row\u00a0\u00bb overlay_dotted=\u00a0\u00bb\u00a0\u00bb css=\u00a0\u00bb.vc_custom_1497353545663{padding-top: 40px !important;padding-bottom: 0px !important;background-image: url(https:\/\/www.pariseavocats.com\/wp-content\/uploads\/2016\/08\/Bandeau4.jpg?id=2303) !important;background-position: center !important;background-repeat: no-repeat !important;background-size: cover !important;}\u00a0\u00bb][vc_column width=\u00a0\u00bb1\/2&Prime; animate_duration=\u00a0\u00bb1000&Prime; animate_delay=\u00a0\u00bb300ms\u00a0\u00bb css=\u00a0\u00bb.vc_custom_1497351853930{padding-top: 40px !important;padding-right: 41px !important;padding-bottom: 40px !important;padding-left: 15px !important;}\u00a0\u00bb]<div class=\"section-heading-wrap   vc_custom_1501866126716\"><div class=\"section-heading  redl-heading-69fc747349ee7\" >DIRITTO D'IMPRESA<\/div><\/div>[vc_column_text css=\u00a0\u00bb.vc_custom_1501866433502{margin-bottom: 27px !important;}\u00a0\u00bb]<span style=\"color: #fff;\">L&rsquo;attivit\u00e0 transazionale \u00e8 un elemento essenziale dello sviluppo di Parise Avvocato da pi\u00f9 di trent&rsquo; anni.<\/span><\/p>\n<p><span style=\"color: #fff;\">Consigliamo le imprese multinazionali sulle incidenze fiscali e penali delle loro operazioni ed operiamo anche nel contesto degli adeguamenti, delle regolarizzazioni fiscali o dei litigi su<br \/>\nun piano penale.<\/span>[\/vc_column_text]<a class=\"redl-btn  redl-btn-border redl-btn-one  vc_custom_1505577878435 redl-btn-medium redl-btn-69fc747349f04 btn-hover-one btn-icon-left \" href=\"https:\/\/www.pariseavocats.com\/index.php\/it\/diritti-degli-affari\/\">SAPERNE DI PI\u00d9<\/a>[\/vc_column][vc_column width=\u00a0\u00bb1\/2&Prime; animation_style=\u00a0\u00bbslideInRightShort\u00a0\u00bb animate_duration=\u00a0\u00bb1000&Prime; css=\u00a0\u00bb.vc_custom_1484054265066{padding-right: 41px !important;padding-left: 41px !important;}\u00a0\u00bb]<div class=\"animateblock hide-mobile slideinup  vc_custom_1484635466364\"><\/div>[\/vc_column][\/vc_row][vc_row full_width=\u00a0\u00bbstretch_row\u00a0\u00bb overlay_dotted=\u00a0\u00bb\u00a0\u00bb css=\u00a0\u00bb.vc_custom_1497354784672{padding-top: 40px !important;padding-bottom: 0px !important;background-image: url(https:\/\/www.pariseavocats.com\/wp-content\/uploads\/2016\/08\/bandeau5.jpg?id=2312) !important;background-position: center !important;background-repeat: no-repeat !important;background-size: cover !important;}\u00a0\u00bb][vc_column width=\u00a0\u00bb1\/2&Prime; animate_duration=\u00a0\u00bb1000&Prime; animate_delay=\u00a0\u00bb300ms\u00a0\u00bb css=\u00a0\u00bb.vc_custom_1497351864059{padding-top: 40px !important;padding-right: 41px !important;padding-bottom: 40px !important;padding-left: 15px !important;}\u00a0\u00bb]<div class=\"section-heading-wrap   vc_custom_1504797388195\"><div class=\"section-heading  redl-heading-69fc747349f41\" >FINANZIAMENTO COMMERCIALE<\/div><\/div>[vc_column_text css=\u00a0\u00bb.vc_custom_1505556356689{margin-bottom: 27px !important;}\u00a0\u00bb]<\/p>\n<p class=\"p1\"><span class=\"s1\">I nostri Avvocati specializzati vi aiuteranno a individuare le modalit\u00e0 attraverso cui finanziare le vostre vendite internazionali.<\/span><\/p>\n<p class=\"p1\"><span class=\"s1\">Questi servizi sono imperniati sulla semplicit\u00e0 e l&rsquo;efficacia. Lavoriamo con le Banche specializzate.<br \/>\n<\/span><\/p>\n<p>[\/vc_column_text]<a class=\"redl-btn  redl-btn-border redl-btn-two  vc_custom_1505577903892 redl-btn-medium redl-btn-69fc747349f58 btn-hover-one btn-icon-left \" href=\"https:\/\/www.pariseavocats.com\/index.php\/it\/financial-services-it\/\">SAPERNE DI PI\u00d9<\/a>[\/vc_column][vc_column width=\u00a0\u00bb1\/2&Prime; animation_style=\u00a0\u00bbslideInRightShort\u00a0\u00bb animate_duration=\u00a0\u00bb1000&Prime; css=\u00a0\u00bb.vc_custom_1484054265066{padding-right: 41px !important;padding-left: 41px !important;}\u00a0\u00bb]<div class=\"animateblock hide-mobile slideinup  vc_custom_1484635466364\"><\/div>[\/vc_column][\/vc_row][vc_row full_width=\u00a0\u00bbstretch_row\u00a0\u00bb overlay_dotted=\u00a0\u00bb\u00a0\u00bb css=\u00a0\u00bb.vc_custom_1497357621415{padding-top: 40px !important;padding-bottom: 0px !important;background-image: url(https:\/\/www.pariseavocats.com\/wp-content\/uploads\/2016\/08\/bandeau7.jpg?id=2334) !important;background-position: center !important;background-repeat: no-repeat !important;background-size: cover !important;}\u00a0\u00bb][vc_column width=\u00a0\u00bb1\/2&Prime; animate_duration=\u00a0\u00bb1000&Prime; animate_delay=\u00a0\u00bb300ms\u00a0\u00bb css=\u00a0\u00bb.vc_custom_1497351896860{padding-top: 40px !important;padding-right: 41px !important;padding-bottom: 40px !important;padding-left: 15px !important;}\u00a0\u00bb]<div class=\"section-heading-wrap   vc_custom_1504797825190\"><div class=\"section-heading  redl-heading-69fc747349f87\" >NOSTRI PARTNER<\/div><\/div>[vc_column_text css=\u00a0\u00bb.vc_custom_1504798019723{margin-bottom: 27px !important;}\u00a0\u00bb]<span style=\"color: #fff;\">L&rsquo;associazione con Haworth e Lexon a Shanghai, Hong Kong e con Me Thierry Afschrift ci ha portati ad un&rsquo;associazione internazionale.<\/span>[\/vc_column_text][vc_row_inner equal_height=\u00a0\u00bbyes\u00a0\u00bb content_placement=\u00a0\u00bbmiddle\u00a0\u00bb gap=\u00a0\u00bb20&Prime;][vc_column_inner width=\u00a0\u00bb1\/3&Prime; text_alignment=\u00a0\u00bbtext-center\u00a0\u00bb css=\u00a0\u00bb.vc_custom_1497521837532{padding-top: 20px !important;padding-right: 20px !important;padding-left: 20px !important;background-color: rgba(255,255,255,0.06) !important;*background-color: rgb(255,255,255) !important;border-radius: 2px !important;}\u00a0\u00bb][vc_single_image image=\u00a0\u00bb2499&Prime; img_size=\u00a0\u00bb150&#215;40&Prime; alignment=\u00a0\u00bbcenter\u00a0\u00bb onclick=\u00a0\u00bbcustom_link\u00a0\u00bb img_link_target=\u00a0\u00bb_blank\u00a0\u00bb link=\u00a0\u00bbhttp:\/\/www.afschrift.com\/\u00a0\u00bb][\/vc_column_inner][vc_column_inner width=\u00a0\u00bb1\/3&Prime; text_alignment=\u00a0\u00bbtext-center\u00a0\u00bb css=\u00a0\u00bb.vc_custom_1497521845736{padding-top: 20px !important;padding-right: 20px !important;padding-left: 20px !important;background-color: rgba(255,255,255,0.06) !important;*background-color: rgb(255,255,255) !important;}\u00a0\u00bb][vc_single_image image=\u00a0\u00bb2500&Prime; img_size=\u00a0\u00bb150&#215;75&Prime; alignment=\u00a0\u00bbcenter\u00a0\u00bb onclick=\u00a0\u00bbcustom_link\u00a0\u00bb img_link_target=\u00a0\u00bb_blank\u00a0\u00bb link=\u00a0\u00bbhttp:\/\/www.hllawyers.com\/\u00a0\u00bb][\/vc_column_inner][vc_column_inner width=\u00a0\u00bb1\/3&Prime; text_alignment=\u00a0\u00bbtext-center\u00a0\u00bb css=\u00a0\u00bb.vc_custom_1497521856056{padding-top: 20px !important;padding-right: 20px !important;padding-left: 20px !important;background-color: rgba(255,255,255,0.06) !important;*background-color: rgb(255,255,255) !important;}\u00a0\u00bb][vc_single_image image=\u00a0\u00bb2505&Prime; img_size=\u00a0\u00bb100&#215;100&Prime; alignment=\u00a0\u00bbcenter\u00a0\u00bb onclick=\u00a0\u00bbcustom_link\u00a0\u00bb img_link_target=\u00a0\u00bb_blank\u00a0\u00bb link=\u00a0\u00bbhttp:\/\/www.ahllegal.com\/zh\/\u00a0\u00bb][\/vc_column_inner][\/vc_row_inner][\/vc_column][vc_column width=\u00a0\u00bb1\/2&Prime; animation_style=\u00a0\u00bbslideInRightShort\u00a0\u00bb animate_duration=\u00a0\u00bb1000&Prime; css=\u00a0\u00bb.vc_custom_1484054265066{padding-right: 41px !important;padding-left: 41px !important;}\u00a0\u00bb]<div class=\"animateblock hide-mobile slideinup  vc_custom_1484635466364\"><\/div>[\/vc_column][\/vc_row][vc_row full_width=\u00a0\u00bbstretch_row\u00a0\u00bb content_placement=\u00a0\u00bbtop\u00a0\u00bb css=\u00a0\u00bb.vc_custom_1497357233780{background-color: #191919 !important;}\u00a0\u00bb][vc_column css=\u00a0\u00bb.vc_custom_1497365791099{padding-top: 40px !important;padding-bottom: 40px !important;}\u00a0\u00bb][vc_column_text css=\u00a0\u00bb.vc_custom_1505556446953{margin-bottom: 27px !important;padding-top: 40px !important;}\u00a0\u00bb]<\/p>\n<h2><span style=\"color: #777777;\">Il nostro studio legale internazionale offre servizi completi con le sue sedi a Friburgo, Roma e Hong Kong. I nostri avvocati sono specialisti nei seguenti campi :<\/span><\/h2>\n<p>[\/vc_column_text][vc_row_inner content_placement=\u00a0\u00bbtop\u00a0\u00bb][vc_column_inner width=\u00a0\u00bb1\/4&Prime;][vc_column_text css=\u00a0\u00bb.vc_custom_1505556671336{margin-bottom: 27px !important;}\u00a0\u00bb]<span style=\"color: #777777;\"><br \/>\nImplementazione di soluzioni finanziarie commerciali e di sviluppo.<br \/>\nNel nostro ufficio puoi essere sicuro della nostra dedizione a trovare soluzioni innovative per ogni vostra necessit\u00e0 di assistenza legale.<br \/>\n<\/span>[\/vc_column_text][\/vc_column_inner][vc_column_inner width=\u00a0\u00bb1\/4&Prime;][vc_column_text css=\u00a0\u00bb.vc_custom_1504799636394{margin-bottom: 27px !important;}\u00a0\u00bb]<span style=\"color: #777777;\"><br \/>\nL&rsquo;Associazione con Haworth e Lexon, nella prospettiva dell&rsquo;internazionalizzazione per offrire servizi globali, ci\u00f2 ha condotto finalmente alla formazione di un&rsquo;associazione internazionale.<br \/>\n<\/span>[\/vc_column_text][\/vc_column_inner][vc_column_inner width=\u00a0\u00bb1\/4&Prime;][vc_column_text css=\u00a0\u00bb.vc_custom_1504799623769{margin-bottom: 27px !important;}\u00a0\u00bb]<span style=\"color: #777777;\"><br \/>\nIl Gabinetto: Haworth &amp; Lexon Lawyers Group \u00e8 un Gabinetto attualmente una societ\u00e0 di diritto internazionale progressista chi conta sette uffici nella regione Asia-Pacifico, tra cui Shanghai, Pechino, Chongqing, Sydney, Campise, Melbourne e Hong Kong.<br \/>\n<\/span>[\/vc_column_text][\/vc_column_inner][vc_column_inner width=\u00a0\u00bb1\/4&Prime;][vc_column_text css=\u00a0\u00bb.vc_custom_1504799608018{margin-bottom: 27px !important;}\u00a0\u00bb]<span style=\"color: #777777;\"><br \/>\nInoltre, il gruppo dispone di uffici associati in Europa e negli Stati Uniti, Haworth e Lexon Lawyers \u00e8 fortemente raccomandato da The Legal 500 Asia Pacific ogni anno dal 2004.<br \/>\n<\/span>[\/vc_column_text][\/vc_column_inner][\/vc_row_inner][vc_column_text css=\u00a0\u00bb.vc_custom_1504799773531{margin-bottom: 27px !important;padding-top: 20px !important;}\u00a0\u00bb]<span style=\"color: #777777;\">Nel 2009, Haworth e Lexon Lawyers sono stati conferiti come \u00ab\u00a0Shanghai Excellent Law Firm\u00a0\u00bb dell&rsquo;associazione Shanghai Bar<\/span>[\/vc_column_text][\/vc_column][\/vc_row][vc_row full_width=\u00a0\u00bbstretch_row_content\u00a0\u00bb equal_height=\u00a0\u00bbyes\u00a0\u00bb disable_element=\u00a0\u00bbyes\u00a0\u00bb css=\u00a0\u00bb.vc_custom_1538911020612{background-color: #232323 !important;}\u00a0\u00bb][vc_column width=\u00a0\u00bb1\/2&Prime; text_alignment=\u00a0\u00bbtext-center\u00a0\u00bb css=\u00a0\u00bb.vc_custom_1504705508350{padding-top: 60px !important;padding-bottom: 40px !important;background-image: url(https:\/\/www.pariseavocats.com\/wp-content\/uploads\/2017\/07\/bannie\u0300re-e-ecompanies.png?id=3147) !important;background-position: center !important;background-repeat: no-repeat !important;background-size: cover !important;}\u00a0\u00bb][vc_raw_html]JTNDcCUyMHN0eWxlJTNEJTIydGV4dC1hbGlnbiUzQSUyMGNlbnRlciUzQiUyMiUzRSUzQ2ltZyUyMHdpZHRoJTNEJTIyMTUwJTIyJTIwc3JjJTNEJTIyaHR0cHMlM0ElMkYlMkZ3d3cucGFyaXNlYXZvY2F0LmNvbSUyRndwLWNvbnRlbnQlMkZ1cGxvYWRzJTJGMjAxNyUyRjA5JTJGbG9nby1lY29tcGFuaWVzLXdoaXRlLnBuZyUyMiUyRiUzRSUzQyUyRnAlM0U=[\/vc_raw_html][vc_column_text css=\u00a0\u00bb.vc_custom_1504786996480{margin-bottom: 0px !important;padding-bottom: 40px !important;}\u00a0\u00bb]<\/p>\n<h2 style=\"text-align: center;\"><span style=\"color: #fff; text-align: center;\">Costituite la vostra Societ\u00e0 in fila<br \/>\nNella giurisdizione della vostra scelta<br \/>\n<\/span><\/h2>\n<p>[\/vc_column_text]<a class=\"redl-btn  redl-btn-border redl-btn-one  vc_custom_1504787351337 redl-btn-medium redl-btn-69fc747349faa btn-hover-one btn-icon-left \" href=\"https:\/\/e-companies.online\/\">Saperne di pi\u00f9<\/a>[\/vc_column][vc_column width=\u00a0\u00bb1\/2&Prime; text_alignment=\u00a0\u00bbtext-center\u00a0\u00bb css=\u00a0\u00bb.vc_custom_1504705743050{padding-top: 60px !important;padding-bottom: 40px !important;background-image: url(https:\/\/www.pariseavocats.com\/wp-content\/uploads\/2017\/07\/bannie\u0300re-e-compte.png?id=3149) !important;background-position: center !important;background-repeat: no-repeat !important;background-size: cover !important;}\u00a0\u00bb][vc_raw_html]JTNDcCUyMHN0eWxlJTNEJTIydGV4dC1hbGlnbiUzQSUyMGNlbnRlciUzQiUyMiUzRSUzQ2ltZyUyMHdpZHRoJTNEJTIyMTAwJTIyJTIwc3JjJTNEJTIyaHR0cHMlM0ElMkYlMkZ3d3cucGFyaXNlYXZvY2F0LmNvbSUyRndwLWNvbnRlbnQlMkZ1cGxvYWRzJTJGMjAxNyUyRjA5JTJGbG9nb2Vjb21wdGV3aGl0ZS5wbmclMjIlMjAlMkYlM0UlM0MlMkZwJTNF[\/vc_raw_html][vc_column_text css=\u00a0\u00bb.vc_custom_1504787313638{margin-bottom: 0px !important;padding-bottom: 40px !important;}\u00a0\u00bb]<\/p>\n<h2 style=\"text-align: center;\"><span style=\"color: #fff; text-align: center;\">Un conto corrente per domarli tutti<br \/>\nDisegnato per il tuo stile di vita in movimento<br \/>\n<\/span><\/h2>\n<p>[\/vc_column_text]<a class=\"redl-btn  redl-btn-border redl-btn-one  vc_custom_1504787365074 redl-btn-medium redl-btn-69fc747349fb8 btn-hover-one btn-icon-left \" href=\"https:\/\/e-compte.com\/\">Saperne di pi\u00f9<\/a>[\/vc_column][\/vc_row]<\/p>\n","protected":false},"excerpt":{"rendered":"[vc_row full_width=\u00a0\u00bbstretch_row\u00a0\u00bb overlay_dotted=\u00a0\u00bb\u00a0\u00bb css=\u00a0\u00bb.vc_custom_1497352946999{padding-top: 40px !important;padding-bottom: 0px !important;background-image: url(https:\/\/www.pariseavocats.com\/wp-content\/uploads\/2016\/08\/bandeau1-1.jpg?id=2298) !important;background-position: center !important;background-repeat: no-repeat !important;background-size: cover !important;}\u00a0\u00bb][vc_column width=\u00a0\u00bb1\/2&Prime; animate_duration=\u00a0\u00bb1000&Prime; animate_delay=\u00a0\u00bb300ms\u00a0\u00bb css=\u00a0\u00bb.vc_custom_1497351838699{padding-top: 40px !important;padding-right: 41px !important;padding-bottom: 40px !important;padding-left: 15px !important;}\u00a0\u00bb][vc_column_text css=\u00a0\u00bb.vc_custom_1505556198525{margin-bottom: 27px !important;}\u00a0\u00bb]Consapevoli che ogni societ\u00e0 presenta delle proprie[&#8230;]","protected":false},"author":1,"featured_media":0,"parent":0,"menu_order":0,"comment_status":"closed","ping_status":"closed","template":"","meta":{"footnotes":""},"class_list":["post-2992","page","type-page","status-publish","hentry"],"yoast_head":"<!-- This site is optimized with the Yoast SEO plugin v25.6 - https:\/\/yoast.com\/wordpress\/plugins\/seo\/ -->\n<title>Parise Avocat | Studio Legale Internazionale da Friburgo a Hong Kong<\/title>\n<meta name=\"description\" content=\"Il nostro studio legale internazionale offre servizi completi e supporto su misura : implementazione, monitoraggio e sviluppo.\" \/>\n<meta name=\"robots\" content=\"index, follow, max-snippet:-1, max-image-preview:large, max-video-preview:-1\" \/>\n<link rel=\"canonical\" href=\"https:\/\/www.pariseavocats.com\/index.php\/it\/accoglienza\/\" \/>\n<meta property=\"og:locale\" content=\"fr_FR\" \/>\n<meta property=\"og:type\" content=\"article\" \/>\n<meta property=\"og:title\" content=\"Parise Avocat | Studio Legale Internazionale da Friburgo a Hong Kong\" \/>\n<meta property=\"og:description\" content=\"Il nostro studio legale internazionale offre servizi completi e supporto su misura : implementazione, monitoraggio e sviluppo.\" \/>\n<meta property=\"og:url\" content=\"https:\/\/www.pariseavocats.com\/index.php\/it\/accoglienza\/\" \/>\n<meta property=\"og:site_name\" content=\"Parise Avocats\" \/>\n<meta property=\"article:modified_time\" content=\"2019-04-08T19:22:23+00:00\" \/>\n<meta name=\"twitter:card\" content=\"summary_large_image\" \/>\n<meta name=\"twitter:label1\" content=\"Dur\u00e9e de lecture estim\u00e9e\" \/>\n\t<meta name=\"twitter:data1\" content=\"8 minutes\" \/>\n<script type=\"application\/ld+json\" class=\"yoast-schema-graph\">{\"@context\":\"https:\/\/schema.org\",\"@graph\":[{\"@type\":\"WebPage\",\"@id\":\"https:\/\/www.pariseavocats.com\/index.php\/it\/accoglienza\/\",\"url\":\"https:\/\/www.pariseavocats.com\/index.php\/it\/accoglienza\/\",\"name\":\"Parise Avocat | Studio Legale Internazionale da Friburgo a Hong Kong\",\"isPartOf\":{\"@id\":\"https:\/\/www.pariseavocats.com\/#website\"},\"datePublished\":\"2017-08-04T16:48:38+00:00\",\"dateModified\":\"2019-04-08T19:22:23+00:00\",\"description\":\"Il nostro studio legale internazionale offre servizi completi e supporto su misura : implementazione, monitoraggio e sviluppo.\",\"breadcrumb\":{\"@id\":\"https:\/\/www.pariseavocats.com\/index.php\/it\/accoglienza\/#breadcrumb\"},\"inLanguage\":\"fr-FR\",\"potentialAction\":[{\"@type\":\"ReadAction\",\"target\":[\"https:\/\/www.pariseavocats.com\/index.php\/it\/accoglienza\/\"]}]},{\"@type\":\"BreadcrumbList\",\"@id\":\"https:\/\/www.pariseavocats.com\/index.php\/it\/accoglienza\/#breadcrumb\",\"itemListElement\":[{\"@type\":\"ListItem\",\"position\":1,\"name\":\"Accueil\",\"item\":\"https:\/\/www.pariseavocats.com\/index.php\/en\/home\/\"},{\"@type\":\"ListItem\",\"position\":2,\"name\":\"Accoglienza\"}]},{\"@type\":\"WebSite\",\"@id\":\"https:\/\/www.pariseavocats.com\/#website\",\"url\":\"https:\/\/www.pariseavocats.com\/\",\"name\":\"Parise Avocats\",\"description\":\"\",\"publisher\":{\"@id\":\"https:\/\/www.pariseavocats.com\/#organization\"},\"potentialAction\":[{\"@type\":\"SearchAction\",\"target\":{\"@type\":\"EntryPoint\",\"urlTemplate\":\"https:\/\/www.pariseavocats.com\/?s={search_term_string}\"},\"query-input\":{\"@type\":\"PropertyValueSpecification\",\"valueRequired\":true,\"valueName\":\"search_term_string\"}}],\"inLanguage\":\"fr-FR\"},{\"@type\":\"Organization\",\"@id\":\"https:\/\/www.pariseavocats.com\/#organization\",\"name\":\"Parise Avocat\",\"url\":\"https:\/\/www.pariseavocats.com\/\",\"logo\":{\"@type\":\"ImageObject\",\"inLanguage\":\"fr-FR\",\"@id\":\"https:\/\/www.pariseavocats.com\/#\/schema\/logo\/image\/\",\"url\":\"https:\/\/www.pariseavocats.com\/wp-content\/uploads\/2017\/06\/LOGO-PARISE-AVOCAT.png\",\"contentUrl\":\"https:\/\/www.pariseavocats.com\/wp-content\/uploads\/2017\/06\/LOGO-PARISE-AVOCAT.png\",\"width\":2571,\"height\":344,\"caption\":\"Parise Avocat\"},\"image\":{\"@id\":\"https:\/\/www.pariseavocats.com\/#\/schema\/logo\/image\/\"}}]}<\/script>\n<!-- \/ Yoast SEO plugin. -->","yoast_head_json":{"title":"Parise Avocat | Studio Legale Internazionale da Friburgo a Hong Kong","description":"Il nostro studio legale internazionale offre servizi completi e supporto su misura : implementazione, monitoraggio e sviluppo.","robots":{"index":"index","follow":"follow","max-snippet":"max-snippet:-1","max-image-preview":"max-image-preview:large","max-video-preview":"max-video-preview:-1"},"canonical":"https:\/\/www.pariseavocats.com\/index.php\/it\/accoglienza\/","og_locale":"fr_FR","og_type":"article","og_title":"Parise Avocat | Studio Legale Internazionale da Friburgo a Hong Kong","og_description":"Il nostro studio legale internazionale offre servizi completi e supporto su misura : implementazione, monitoraggio e sviluppo.","og_url":"https:\/\/www.pariseavocats.com\/index.php\/it\/accoglienza\/","og_site_name":"Parise Avocats","article_modified_time":"2019-04-08T19:22:23+00:00","twitter_card":"summary_large_image","twitter_misc":{"Dur\u00e9e de lecture estim\u00e9e":"8 minutes"},"schema":{"@context":"https:\/\/schema.org","@graph":[{"@type":"WebPage","@id":"https:\/\/www.pariseavocats.com\/index.php\/it\/accoglienza\/","url":"https:\/\/www.pariseavocats.com\/index.php\/it\/accoglienza\/","name":"Parise Avocat | Studio Legale Internazionale da Friburgo a Hong Kong","isPartOf":{"@id":"https:\/\/www.pariseavocats.com\/#website"},"datePublished":"2017-08-04T16:48:38+00:00","dateModified":"2019-04-08T19:22:23+00:00","description":"Il nostro studio legale internazionale offre servizi completi e supporto su misura : implementazione, monitoraggio e sviluppo.","breadcrumb":{"@id":"https:\/\/www.pariseavocats.com\/index.php\/it\/accoglienza\/#breadcrumb"},"inLanguage":"fr-FR","potentialAction":[{"@type":"ReadAction","target":["https:\/\/www.pariseavocats.com\/index.php\/it\/accoglienza\/"]}]},{"@type":"BreadcrumbList","@id":"https:\/\/www.pariseavocats.com\/index.php\/it\/accoglienza\/#breadcrumb","itemListElement":[{"@type":"ListItem","position":1,"name":"Accueil","item":"https:\/\/www.pariseavocats.com\/index.php\/en\/home\/"},{"@type":"ListItem","position":2,"name":"Accoglienza"}]},{"@type":"WebSite","@id":"https:\/\/www.pariseavocats.com\/#website","url":"https:\/\/www.pariseavocats.com\/","name":"Parise Avocats","description":"","publisher":{"@id":"https:\/\/www.pariseavocats.com\/#organization"},"potentialAction":[{"@type":"SearchAction","target":{"@type":"EntryPoint","urlTemplate":"https:\/\/www.pariseavocats.com\/?s={search_term_string}"},"query-input":{"@type":"PropertyValueSpecification","valueRequired":true,"valueName":"search_term_string"}}],"inLanguage":"fr-FR"},{"@type":"Organization","@id":"https:\/\/www.pariseavocats.com\/#organization","name":"Parise Avocat","url":"https:\/\/www.pariseavocats.com\/","logo":{"@type":"ImageObject","inLanguage":"fr-FR","@id":"https:\/\/www.pariseavocats.com\/#\/schema\/logo\/image\/","url":"https:\/\/www.pariseavocats.com\/wp-content\/uploads\/2017\/06\/LOGO-PARISE-AVOCAT.png","contentUrl":"https:\/\/www.pariseavocats.com\/wp-content\/uploads\/2017\/06\/LOGO-PARISE-AVOCAT.png","width":2571,"height":344,"caption":"Parise Avocat"},"image":{"@id":"https:\/\/www.pariseavocats.com\/#\/schema\/logo\/image\/"}}]}},"_links":{"self":[{"href":"https:\/\/www.pariseavocats.com\/index.php\/wp-json\/wp\/v2\/pages\/2992"}],"collection":[{"href":"https:\/\/www.pariseavocats.com\/index.php\/wp-json\/wp\/v2\/pages"}],"about":[{"href":"https:\/\/www.pariseavocats.com\/index.php\/wp-json\/wp\/v2\/types\/page"}],"author":[{"embeddable":true,"href":"https:\/\/www.pariseavocats.com\/index.php\/wp-json\/wp\/v2\/users\/1"}],"replies":[{"embeddable":true,"href":"https:\/\/www.pariseavocats.com\/index.php\/wp-json\/wp\/v2\/comments?post=2992"}],"version-history":[{"count":27,"href":"https:\/\/www.pariseavocats.com\/index.php\/wp-json\/wp\/v2\/pages\/2992\/revisions"}],"predecessor-version":[{"id":3423,"href":"https:\/\/www.pariseavocats.com\/index.php\/wp-json\/wp\/v2\/pages\/2992\/revisions\/3423"}],"wp:attachment":[{"href":"https:\/\/www.pariseavocats.com\/index.php\/wp-json\/wp\/v2\/media?parent=2992"}],"curies":[{"name":"wp","href":"https:\/\/api.w.org\/{rel}","templated":true}]}}